6
Let p(k) be the second derivative of k**5/20 - 7*k**4/12 + 7*k**3/6 + k**2 - 11*k + 9. What is p(6)?
8
Let v(i) = 5*i + 1. Let d(g) = -11*g - 1. Let o(m) = 3*d(m) + 7*v(m). Suppose -15 = -5*k + 2*k. Let j be -3*3 - (-8 + k). What is o(j)?
-8
Let y(h) = h**2 + 13*h + 1. Let r be y(-14). Let k be (16 - r)/(8/(-10) - -1). Let u(n) = 6*n - 1. Determine u(k).
29
Let t(o) be the first derivative of 3/2*o**2 + 6*o + 12. Determine t(-4).
-6
Let x be (1 + 2)*(2 - 1). Let t(o) = -564*o**2 + 188*o**2 - 2 + 4*o + 187*o**2 - o**3 + 191*o**2. What is t(x)?
1
Let h(t) = -t**2 + 14*t + 1. Let m be h(14). Let n(v) = 4*v + 6*v - v**2 - 3*v - 4 + m. Determine n(5).
7
Let u be 4/6 + 8/(-12). Let y be 6/(-6) + (3 - u). Let p(z) = 12 - 3*z**2 - 4*z - 9 + y*z**2. Give p(-5).
-2
Let c be (-4)/10 + (-33)/5. Let i be 1/c - 68/14. Let y(b) be the second derivative of b**3/6 - b**2/2 + b. Give y(i).
-6
Let c(l) = -l**2 + 3*l - 3. Let f(g) = -g**2 + 4*g - 2. Let y(u) = 4*c(u) - 3*f(u). Let r(v) = v + 1. Let k be r(-1). What is y(k)?
-6
Suppose 11*r = 12*r - 6. Suppose 5*b - 4 = r. Let d(g) = 0 + 7*g**2 + 3 - 1 + g**3 - 2*g**b. Give d(-5).
2
Let f(y) be the first derivative of y**2/2 - 3*y + 691. Suppose 2 = 2*r - 2. Suppose -j = -r*j + 5. Determine f(j).
2
Let v(p) = 1 + 4*p - 2*p + 0*p - p + 25. What is v(0)?
26
Let u(m) = -m**2 + 7*m + 5. Let t be u(7). Suppose 0*b - t = 5*b. Let n(c) = c + 8. Let o(p) = -1. Let l(y) = -n(y) - 6*o(y). Determine l(b).
-1
Let z(k) = -k**3 + 5*k**2 + 7*k - 4. Let t(l) = l - 3. Let i be t(7). Suppose 0 = i*m - 2 - 18. Suppose -30 = -m*g + j - 2*j, -4*g + 24 = -j. What is z(g)?
2
Suppose -4*u = -8*u + 32. Let h(r) = 5 + u*r - 7*r - 4*r. Determine h(4).
-7
Let m(a) = -17*a**3 + a**2 - 18*a**3 + 12 - 21*a**3 + 57*a**3. Determine m(0).
12
Let b = 41505 + -41510. Let z(f) = 2 + 2*f**3 + 2*f + f**3 - 4*f**2 - 4*f**3. Calculate z(b).
17
Let j(l) = 12*l - 1. Let b(f) = 34*f - 3. Let m(q) = -b(q) + 2*j(q). Let x(t) = -t**3 - t**2 + 1. Let i be x(0). Calculate m(i).
-9
Let z(i) = -7*i + 11. Let t be z(-9). Let a = -82 + t. Let d(g) = -g**2 - 7*g + 7. Give d(a).
-1
Let i(y) = -3*y**3 + 3*y**2 + 3*y - 7. Let f(z) = -3*z**2 - 37*z + 1 + 4*z**3 + 6 + 33*z + 1. Let s(c) = -4*f(c) - 5*i(c). Give s(-3).
0
Let j(q) be the second derivative of -q**4/12 + q**3/2 - q**2 - 3*q - 10. What is j(2)?
0
Let t be -2*(-3)/(-30) + 21/5. Let i(j) = t + 3 + 32*j - 34*j - 3. Determine i(3).
-2
Let y(k) = -k**3 - 6*k**2 - 6*k + 4. Let i be 3/24 + (-164)/32. Calculate y(i).
9
Let a = 388 + -384. Let u(b) = b**2 - 6*b + 15. What is u(a)?
7
Let a be (-8)/((-21)/(-9) - 3). Suppose -4*z = -z - a, -z - 1 = -5*m. Suppose -m = 3*g - 4. Let c(v) = -v - 1. Determine c(g).
-2
Let o(l) be the first derivative of -l**2/2 - 2*l + 5. Let f(p) be the second derivative of -p**4/6 + 3*p**3/2 + 3*p**2/2 + 4*p. Let u be f(5). Determine o(u).
0
Let l(t) = -t**3 - 8*t**2 - 5*t - 1. Let c be 142/(-20) - ((-132)/120 + 1). Calculate l(c).
-15
Let b(c) = 0*c**3 + 7*c**3 - c**3. Let i be 3/(-4) - (2 + (-49)/28). Calculate b(i).
-6
Let t(n) = -3*n + 2. Let m be (2/4)/((-2)/80*-5). Calculate t(m).
-10
Let k be 3*(10/3)/(-1). Let t = -2 - k. Let y(v) = v**3 - 8*v**2 - v + 4. Give y(t).
-4
Suppose 2*v = -l - 28, -v + 23 = -l + 4. Let t be l/(-8) - (-27)/(-36). Let p(r) = 13*r**t - 24*r**2 + 0*r + 1 + 10*r**2 - r. Give p(3).
-11
Let z(x) = -x + 8. Suppose 12*r - 8*r - 12 = 0. Suppose 210 = 5*o + 3*s, r*o + 2*s - 126 = 7*s. Let v be (o/15)/((-2)/(-5)). Give z(v).
1
Let a(o) = -11*o - 5. Let s(y) = 18*y + 7. Let l(d) = -8*a(d) - 5*s(d). Calculate l(6).
-7
Suppose -13*u = -67 + 2. Let v(t) be the third derivative of 1/3*t**3 - 1/20*t**5 + 0 + 0*t + u*t**2 - 1/60*t**6 + 0*t**4. Give v(-2).
6
Let b(x) = -2 - 2 + 10 + 6*x + 0. Calculate b(-2).
-6
Let x(o) = -o**2 + 17*o - 36. Let t be x(3). Let s(h) = -3*h**2 + 2 + h**3 - h + 0 - 3*h**2. Give s(t).
-4
Let r(o) = o**3 + o**2 - 2*o - 2. Suppose -34*t + 32*t - 4 = 0. Calculate r(t).
-2
Let d(u) be the first derivative of -u**4/4 - u**3/3 + u**2 - u - 94. Let n = 2 - 1. Suppose -t - 1 = n. What is d(t)?
-1
Let k(y) = -7*y + 1. Let j(s) = 2. Let b(d) = -3*j(d) + k(d). Determine b(-4).
23
Let w(m) = 18*m**2 - 168*m + 12. Let n(o) = -o**2 + 14*o - 1. Let i(j) = 12*n(j) + w(j). Let p be (2 + -2 + 1)/1. Calculate i(p).
6
Let z(u) = -u**2 + 6*u + 12. Let w be (20 + 1 + -4)/(-1). Let i = w + 25. Let l be z(i). Let a(y) = -y**3 - 3*y**2 + 4*y. Calculate a(l).
0
Let y(r) = 6*r + 2. Let d(o) = -o**2 - 7*o - 1. Suppose 8*u - 4*u + 8 = 0. Let i(l) = u*d(l) - 3*y(l). Determine i(4).
12
Let t(d) be the second derivative of -d**3/2 - 5*d**2 + 582*d. Calculate t(-5).
5
Let h(j) be the second derivative of j**3/2 + 2*j**2 - j. Let c(d) = -6*d - 7. Let l(u) = 3*c(u) + 5*h(u). Calculate l(-1).
2
Let y(w) = -w**3 + w. Let k(f) = 3*f**2 + f - 2. Let g(a) = -k(a) + y(a). Let m(r) = 2*r**2 + 29*r + 57. Let o be m(-12). Calculate g(o).
2
Let j(n) = 22*n**3 + n**2 - 3*n + 4. Let d(y) = -42*y**3 - 2*y**2 + 7*y - 9. Let r(b) = 4*d(b) + 9*j(b). Give r(-1).
-30
Let d = -25 + 24. Let z(a) = -4*a**2 + a**2 - a**2. Calculate z(d).
-4
Let n = -2 + -4. Let d(p) = -5*p + 19*p - 6*p - 7*p + 0*p + 4. What is d(n)?
-2
Let y = 141 + -91. Let c(l) = y*l**2 - 4*l**3 - 3*l**3 - l**3 - 51*l**2. Determine c(-1).
7
Let j = -28 + 31. Let z(i) = -i**2 + 2*i + 3. Give z(j).
0
Let d = 6 + -8. Let l(q) be the first derivative of 4 + 2*q + 5/2*q**2. Give l(d).
-8
Let v(p) = p**2 - 7*p + 1. Let u be (12 - -3)*(-6)/(-15). Determine v(u).
-5
Let y(d) = 2*d**2 + d - 2. Let x(v) = v**2 + 6*v - 1. Let u(j) = x(j) - y(j). Give u(8).
-23
Suppose 19 = 2*l + 5*r, -l - 29 = 2*l - 4*r. Let b = l - 2. Let a(h) = h**3 + 5*h**2 + 2*h + 4. Give a(b).
-6
Let g(i) be the first derivative of -i**3/3 + 5*i**2/2 - i - 76. Determine g(5).
-1
Let b(k) = 3*k - 22. Suppose -40 = -5*a - 15. Let d be b(a). Let w(u) = -u**3 - 6*u**2 + 7*u + 10. Determine w(d).
10
Let f(i) be the third derivative of i**6/360 - 7*i**5/120 + i**4/8 + i**3/6 + 13*i**2. Let h(z) be the first derivative of f(z). Determine h(5).
-7
Suppose -4*z - 2*j = -70, -j + 73 = 4*z - 2*j. Let l(u) = -3 + 5 - z*u**2 + 17*u**2. Let k be -2*1/6*-6. Determine l(k).
-2
Suppose 0 = -21*j + 9*j - 72. Let w(s) = -s**2 - 6*s - 9. What is w(j)?
-9
Let p(o) = o + 1. Let a(u) = u + 1. Let g(i) = 5*a(i) - 3*p(i). Let w(l) = l**3 + l + 2. Let s be w(0). Suppose -16 = -s*k + 6*k. What is g(k)?
-6
Let h = -303 + 308. Let r(p) = -3*p**2 + 8*p - 3. Determine r(h).
-38
Let d(s) = 5*s + 11. Let n(h) = -8*h - 21. Let o(a) = -5*d(a) - 3*n(a). What is o(9)?
-1
Let x be (7 - (-1 - -3)) + 37. Let y = x + -38. Let q(m) = 2*m + 1. Calculate q(y).
9
Let z(o) = 3*o - 2. Let j = 73 + -70. Let m(s) = -2*s + 3. Let a(h) = j*m(h) + 4*z(h). Determine a(-1).
-5
Let p(d) = -4*d**3 - 45*d**2 + 49*d + 21. Let t(r) = -r**3 - 15*r**2 + 16*r + 7. Let m(f) = -2*p(f) + 7*t(f). Let h = 300 - 286. What is m(h)?
7
Suppose 6 = -0*m - 2*m. Let x(o) = 3*o + 3 - 5 + 1 + 5*o**2 + 5*o**3. Let h(t) = -4*t**3 - 5*t**2 - 3*t + 1. Let a(v) = -4*h(v) - 3*x(v). Give a(m).
8
Suppose 19*v - 174 = 16*v. Let n = 52 - v. Let k(i) = -3*i - 8. Calculate k(n).
10
Let q(u) = 24*u**3 + 27*u**2 + 40*u + 27. Let b(g) = -11*g**3 - 13*g**2 - 19*g - 13. Let h(n) = 13*b(n) + 6*q(n). Give h(8).
1
Let a(c) = -2*c + 11. Suppose -4*v = -f - 27, 0 = -2*v + f + 3 + 10. Calculate a(v).
-3
Suppose 2*n - 4 = -2. Let a(s) = 5*s**2 + s + 5. Let w(b) = -b**2 - 1. Let t(y) = a(y) + 6*w(y). Determine t(n).
-1
Let u(a) = 17*a**2 + 5*a + 7. Let j(v) = 9*v**2 + 2*v + 3. Let r(m) = 5*j(m) - 2*u(m). Determine r(-1).
12
Let m(b) = -b - 6. Let p(n) = 5*n + 11. Let i be p(-3). Calculate m(i).
-2
Let c(k) be the first derivative of -k**4/4 - 7*k**3/3 - 5*k**2 - 2*k - 346. Give c(-5).
-2
Let x(b) = -b**2 + 9*b + 5. Let m be x(5). Suppose 4*u - 10 = 3*d + 1, -2*u + m = 5*d. Let l(w) = u*w - 4*w - 2*w + 4*w. Give l(1).
3
Let f(n) = n + 2. Let q be f(-4). Let r(d) be the second derivative of -5*d - d**2 + 0 + 1/6*d**3 + 1/6*d**4. Calculate r(q).
4
Let g(w) = 2*w + w**3 + 0*w**2 + 5*w**2 + 4 + 2 + 0*w**2. Suppose -3*m - 2 = -35. Let v = m - 15. Give g(v).
14
Let p(s) = s**3 + 5*s**2 - 3*s - 3. Let r(u) = -2*u**3 - 5*u**2 + 4*u + 3. Let l(k) = -3*p(k) - 2*r(k). Let z be 